p be (3/2)/(15/40). Let t be s(p). Calculate j(t).
-6
Let u(k) be the third derivative of k**7/840 + k**6/90 + k**5/30 + k**4/4 - 5*k**3/3 + 6*k**2. Let i(x) be the first derivative of u(x). Determine i(-4).
-10
Suppose 15*l - 17 - 13 = 0. Let f(u) = -u**3 + 3*u**2 - 1. Give f(l).
3
Let w(i) = 2*i - 1. Suppose -2*f = -0*f. Let j be (21 - f)/(-3) - -3. What is w(j)?
-9
Let w(m) = -m**3 + 4 - 2*m**2 - m - 2*m**2 + 5*m. Suppose 5*j = -3*i - 22, 5*i - 20 = 5*j - 2*j. Calculate w(j).
9
Let t(w) be the second derivative of -w**3/6 + 3*w**2/2 - 277*w. Let l(m) = 3*m - 5. Let g be l(4). Give t(g).
-4
Let p(y) = -y. Let f(j) = -7*j - 13. Let b be f(-2). Determine p(b).
-1
Let o(m) = m**3. Let f be -2*3*3/18. Let i(j) = -5*j**3 - 3*j**2 - 4*j - 2. Let z(a) = f*i(a) - 4*o(a). What is z(-2)?
-2
Let j = -46 + 66. Suppose 0 = -3*u - 2*u + j. Let x(i) = i + 3*i**2 - i**3 - 2 + 0 + 2*i. What is x(u)?
-6
Let z(w) = -3*w + 4. Let x be z(-4). Let a be 56/x*24/14. Let r(l) = 4 - 2*l**2 + a*l**2 - 3*l**2. Give r(0).
4
Let f(j) = j**2 + j**2 - 3 + 3*j**2 - 4*j**2. Determine f(0).
-3
Let p(z) = -z. Let i(g) = -4*g. Let q(l) = -4*i(l) + 14*p(l). Let w be (1 - 2)/((-7)/7). Let k be ((-1)/3)/(w/(-6)). Give q(k).
4
Let r(q) = -q**3 + 8*q**2 - 4. Let l(v) = -10*v**2 + v - 5*v**2 + 8 + 0*v**3 + 2*v**3. Let m(d) = 3*l(d) + 5*r(d). Let g be 1 + -3 + 4 - -1. What is m(g)?
-5
Let d(s) be the third derivative of -s**4/24 + s**3/2 + 5*s**2 + 5. Suppose 0 = -5*w + 38 - 13. Determine d(w).
-2
Suppose -5*g - 14 = -49. Let c(u) = -u**3 + 7*u**2. Calculate c(g).
0
Let r = 1 - 2. Let d = r + -3. Let c(k) be the first derivative of -k**4/4 - 5*k**3/3 - 2*k**2 + 3*k - 4. Calculate c(d).
3
Let r(x) be the first derivative of 2*x**3/3 + 3*x**2/2 - 4*x - 4. What is r(-3)?
5
Let q = 10 - 5. Suppose 5*n - q - 15 = 0. Let z(o) be the third derivative of -o**4/24 + o**2. Give z(n).
-4
Let c be 5/7 + (-38)/(-133). Let h(u) = 8*u + 1. Give h(c).
9
Let q(n) = -2*n**2 - 2*n - 2. Let d be (2/3)/((-6)/3)*6. Determine q(d).
-6
Let q(v) = v**2 - 1. Let y(b) = b**3 - 5*b**2 - 8*b - 11. Let c(u) = -q(u) + y(u). What is c(7)?
-17
Let l(u) = -u**2 - u + 2. Let i = 5 - 3. Suppose 0 = b - i*b + 2. Give l(b).
-4
Let k(d) = -d - 3. Let v be (-4)/(-20) - 26/5. Determine k(v).
2
Let g = 15 + -12. Suppose g*v - v = 0. Let h(f) = -5*f**2 + 4*f**2 - 2 - 4 + f. What is h(v)?
-6
Let m = 1 + 3. Suppose 3*b - 2*o = -o + 9, -4*b + m*o = -4. Let v(y) be the third derivative of -y**5/30 + y**4/4 + 6*y**2. What is v(b)?
-8
Let v(a) be the third derivative of a**5/60 + a**3/3 - 7*a**2. Determine v(0).
2
Let v = -8 - -3. Let z = v - -8. Let b(u) = u + 2*u**2 - u**2 + u**2 - u**2 - z. What is b(3)?
9
Let q(i) = i**2 - 4*i - 7. Suppose -4*v = 5*k - 32 - 2, 2*v = 3*k + 6. Calculate q(v).
5
Let w(b) = -b**2. Let t(d) = d + 1. Let r(n) = 3*t(n) + w(n). What is r(4)?
-1
Let f(b) = -b**3 + 3*b**2 + 5*b - 6. Suppose 5*l + 1 = -3*u + 14, -l = 5*u + 15. Suppose h + 1 = l. Let r = 0 + h. Calculate f(r).
-2
Let a(w) be the third derivative of -w**4/24 - 5*w**3/6 + 6*w**2. Determine a(-3).
-2
Let c(k) = -k - 6. Let x be (-1)/1 + 5 + -2. Suppose -15 = -5*h, 3*m = 8*m + x*h - 6. Give c(m).
-6
Let t = 19 - 12. Let c = 5 - t. Let o(n) = -n**2 - 3*n - 2. What is o(c)?
0
Suppose 3*p = 2 + 7. Let f = 9 + -4. Let w(g) = -5*g**2 + g**2 + f*g**2 - g**3 + 3*g**2 - 1. Determine w(p).
8
Let j(u) = u**3 - u**2 + u + 1. Let k(t) = -3*t**3 - t**2 - 3*t - 3. Let b(w) = 2*j(w) + k(w). Determine b(-2).
-3
Let a be (-8)/(-8) - 1*7. Let s(g) = 5*g**3 - 11*g**2 + 2*g + 5. Let p(i) = -i**3 + i**2 + i. Let w(c) = -6*p(c) - s(c). Calculate w(a).
7
Let j be (20/(-12))/((-4)/12). Let z(a) = a. What is z(j)?
5
Let o(x) be the third derivative of -x**5/60 + x**4/6 + 2*x**3/3 - 55*x**2. Calculate o(5).
-1
Let h be (28/21)/((-4)/(-6)). Let m(w) = 1 - 1 + 2*w - h. Let q = -3 - -6. Determine m(q).
4
Let b(u) = -7*u**2 + u + 1. Let m(f) be the second derivative of -f**5/20 - f**4/2 - f**3 - 3*f**2 + 2*f. Let a be 4/(-22) - 159/33. Let o be m(a). Give b(o).
-7
Let w(m) = 2 + m - 8*m - 1. Suppose 0 = -2*n + 3*n + 1. Give w(n).
8
Let q(w) = -7 - 2*w + 8*w - 5*w. Determine q(4).
-3
Let k(m) = m**2 + 9*m - 6. Let o be k(-9). Let u be (-44)/(-10) + o/15. Let q = -5 + u. Let d(z) = 10*z + 1. Determine d(q).
-9
Let b(j) = -12*j. Let w(k) = -k - 1. Suppose -2*s - 5 = 3*s. Let q be (s/(-3))/((-3)/18). Let c be w(q). Determine b(c).
-12
Suppose -5*d - z = -13, d - 5*z - 4 - 9 = 0. Let n(u) = 3*u**3 - u**3 - 6*u - u**d - 8*u**2 + 4*u**2 + 5. Let x = 4 + 1. Give n(x).
0
Let b(y) = -3*y**3 - 7*y**2 + 5*y - 1. Let f(c) = -4*c**3 - 8*c**2 + 5*c. Let x(n) = -3*b(n) + 2*f(n). What is x(-6)?
-3
Suppose z + 2 = -1, 5*h - 2*z = 51. Let w(r) = 4*r + 7 + 4*r - h*r. Give w(3).
4
Suppose 3*n - 18 = -0*n. Let p be 17/4 + n/(-24). Let g(a) = a**3 - 3*a**2 - 2*a. Calculate g(p).
8
Suppose 20 = 4*x + 8. Let v(g) = -2 + 2*g - 1 + 0. Determine v(x).
3
Let a = 10 + -8. Let d(l) = 0*l + 2*l + 14*l**2 - 1 - 13*l**a. Give d(1).
2
Suppose 4*v - 27 = -z - 6, 3*v - 12 = 0. Let j(c) = -c**2 + 3*c + 2. What is j(z)?
-8
Let x(a) = 2 + 1 + 1 - 3. Let t(k) = k**2 - 4*k. Let i(m) = -t(m) - 4*x(m). Calculate i(4).
-4
Let r(o) = o**2 - 6*o + 5. Let a be (4/(-6) - 56/6)/(-2). Calculate r(a).
0
Let n = 2 - 9. Let o(r) = 2*r**2 + 7*r + 2. Let v(i) = i**2 + 4*i + 1. Let h(t) = 2*o(t) - 5*v(t). What is h(n)?
-8
Let h = 208 + -207. Let p(w) = 8*w. What is p(h)?
8
Let a(g) = -g - g - 2*g. Determine a(2).
-8
Let l(i) = i - 6. Let y be ((-2)/5)/(6/(-15)). Let n be (2*y)/((-8)/(-12)). Let j be n/(-1) + (-18)/(-2). Calculate l(j).
0
Let y(f) = -6*f + 1. Let k(v) = v**3 + 3*v**2 - 3*v + 2. Let r be k(-4). Let g = r + 1. What is y(g)?
7
Let m(r) be the third derivative of -7*r**2 + 0*r - 1/2*r**3 - 1/24*r**4 + 0. What is m(5)?
-8
Let q(y) be the third derivative of -y**6/120 + y**5/10 - y**4/4 + y**3 + 12*y**2. What is q(5)?
1
Suppose 0 = p - 2*p. Suppose -3*d + 3 + 0 = p. Let c(r) = 0*r + 4 - 2*r + 4*r - d. Give c(-5).
-7
Let o(t) = 3*t**2 - 6*t. Let u(w) = -8*w**2 + 17*w - 1. Let i(m) = 11*o(m) + 4*u(m). Suppose -3*c = 17 - 5. Let b be (c/(-3))/((-4)/12). Calculate i(b).
4
Let o(n) = -7 - 15*n - 2 + 14*n + 3. Determine o(0).
-6
Let x(u) be the third derivative of u**6/720 + u**5/120 - u**4/24 - u**2. Let w(j) be the second derivative of x(j). Give w(3).
4
Let n(y) be the first derivative of -y**3/3 + 7*y**2/2 - 6*y + 1. Let m = -1 + 5. What is n(m)?
6
Let z(n) = -n**2 - 2*n + 3. Let r be (1 + -1 + -4)/(-2). Suppose 0 = -5*f + 1 + 9. Suppose -f*o + r = -2. Calculate z(o).
-5
Let n(w) = 2*w**2 - 1 + 4*w - 5*w + 3*w - w**3. Let m(u) = u**2 - 8*u - 7. Let f be m(9). Give n(f).
3
Let d(t) = t**2 + 5*t + 4. Suppose 4*b = 3*b - 3. Calculate d(b).
-2
Let h(l) be the second derivative of -l**4/12 + l**3/3 + 7*l**2/2 + l. Suppose -3*b - 4 = b. Let a be (b/2)/(2/(-20)). Determine h(a).
-8
Let t(q) = -2*q. Let b be t(-6). Let a be b/(-8)*4/3. Let m(c) be the first derivative of c**3/3 - c**2 - 3*c - 1. Calculate m(a).
5
Let t(g) = 0*g**3 - 2 - 46*g**2 + 22*g**2 + 22*g**2 + 2*g**3 - 3*g. Calculate t(-2).
-20
Let a(n) = -n**3 - 3*n**2 - 2*n + 1. Let d be (-12)/(-90) - 32/15. What is a(d)?
1
Let w(n) be the second derivative of n**3/6 - 2*n**2 + 4*n. Determine w(4).
0
Let i(q) be the third derivative of q**5/60 + q**4/8 - q**3/6 - 2*q**2. Give i(-4).
3
Let n(p) = -p**2 + 25 + 6*p - 51 + 26. What is n(5)?
5
Let p(u) = 2*u**2 + 19*u - 10. Let i be p(-10). Let d(l) = -l**3 - l**2 - l + 1. Give d(i).
1
Let n = -395 + 2375/6. Let b(o) be the second derivative of -1/12*o**4 + 0 + o + o**2 + n*o**3 - 1/20*o**5. Determine b(-3).
5
Let m(c) = 5*c + 2. Suppose 5*o - 2 = 2*y - y, 8 = -4*y + 3*o. What is m(y)?
-8
Suppose 3*f - 8*f = -10, -j - 5*f + 6 = 0. Let u(x) be the first derivative of 2 + 1/2*x**2 + 9*x. What is u(j)?
5
Let z(u) be the second derivative of -u**3/3 + u. Suppose -3*w = -w - 22. Suppose -4*d - t + w = 0, -4*t + 2 + 6 = 4*d. Determine z(d).
-6
Suppose 5 = 2*o - 7*o - 5*j, -5*j = -o + 29. Let y(c) be the first derivative of -4/3*c**3 + 2 + 1/4*c**4 + 4*c - 1/2*c**2. Calculate y(o).
0
Let c(s) = -3*s - 25. Let q(y) be the third derivative of -y**4/24 - y**3 - 3*y**2. Let l(w) = -2*c(w) + 9*q(w). Determine l(-3).
5
Let d(b) = b**3